{"id":121,"date":"2014-12-20T10:42:46","date_gmt":"2014-12-20T10:42:46","guid":{"rendered":"http:\/\/test2.krcmaulesa.cz\/?page_id=121"},"modified":"2022-01-30T23:41:02","modified_gmt":"2022-01-30T22:41:02","slug":"kontakty","status":"publish","type":"page","link":"https:\/\/www.bistroujendy.cz\/?page_id=121","title":{"rendered":"Kontakty"},"content":{"rendered":"<h3>Objedn\u00e1vky<\/h3>\n<p><strong>Telefon:<\/strong> <a href=\"tel:+420603810793\">+420 603 810 793<\/a><\/p>\n<h3>Odpov\u011bdn\u00fd vedouc\u00ed restaurace<\/h3>\n<p>Jan Votruba<\/p>\n<p>Telefon: <a href=\"https:\/\/www.bistroujendy.cz\/?page_id=2384\">ZDE<\/a><\/p>\n<p>E-mail:\u00a0<a href=\"mailto:bistroujendy@bistroujendy.cz\">bistroujendy@bistroujendy.cz<\/a><\/p>\n<p><strong>I\u010cO:<\/strong> 87618265<\/p>\n<h3>Facebook<\/h3>\n<p><a href=\"https:\/\/www.facebook.com\/restaurace.krcmaulesa?fref=ts\" target=\"_blank\" rel=\"noopener\">&#8222;Bistro u Jendy&#8220;<\/a><\/p>\n<h3>Instagram<\/h3>\n<p><a href=\"https:\/\/www.instagram.com\/bistro_u_jendy\/\">&#8222;Bistro_u_Jendy&#8220;<\/a><\/p>\n","protected":false},"excerpt":{"rendered":"<p>Objedn\u00e1vky Telefon: +420 603 810 793 Odpov\u011bdn\u00fd vedouc\u00ed restaurace Jan Votruba Telefon: ZDE E-mail:\u00a0bistroujendy@bistroujendy.cz I\u010cO: 87618265 Facebook &#8222;Bistro u Jendy&#8220; Instagram &#8222;Bistro_u_Jendy&#8220;<\/p>\n","protected":false},"author":1,"featured_media":0,"parent":0,"menu_order":5,"comment_status":"closed","ping_status":"closed","template":"","meta":{"footnotes":""},"class_list":["post-121","page","type-page","status-publish","hentry"],"_links":{"self":[{"href":"https:\/\/www.bistroujendy.cz\/index.php?rest_route=\/wp\/v2\/pages\/121","targetHints":{"allow":["GET"]}}],"collection":[{"href":"https:\/\/www.bistroujendy.cz\/index.php?rest_route=\/wp\/v2\/pages"}],"about":[{"href":"https:\/\/www.bistroujendy.cz\/index.php?rest_route=\/wp\/v2\/types\/page"}],"author":[{"embeddable":true,"href":"https:\/\/www.bistroujendy.cz\/index.php?rest_route=\/wp\/v2\/users\/1"}],"replies":[{"embeddable":true,"href":"https:\/\/www.bistroujendy.cz\/index.php?rest_route=%2Fwp%2Fv2%2Fcomments&post=121"}],"version-history":[{"count":36,"href":"https:\/\/www.bistroujendy.cz\/index.php?rest_route=\/wp\/v2\/pages\/121\/revisions"}],"predecessor-version":[{"id":2984,"href":"https:\/\/www.bistroujendy.cz\/index.php?rest_route=\/wp\/v2\/pages\/121\/revisions\/2984"}],"wp:attachment":[{"href":"https:\/\/www.bistroujendy.cz\/index.php?rest_route=%2Fwp%2Fv2%2Fmedia&parent=121"}],"curies":[{"name":"wp","href":"https:\/\/api.w.org\/{rel}","templated":true}]}}